ime factors of 2771836831?
19, 2713, 53773
List the prime factors of 5681969330.
2, 5, 17, 3019, 11071
What are the prime factors of 3492113736?
2, 3, 23, 6326293
List the prime factors of 76876716.
2, 3, 7, 915199
List the prime factors of 164161397.
164161397
What are the prime factors of 44907324?
2, 3, 7, 11, 53, 131
List the prime factors of 30037620.
2, 3, 5, 29, 61, 283
List the prime factors of 2250007969.
11, 5701, 35879
What are the prime factors of 1219308968?
2, 47, 3242843
List the prime factors of 80172290.
2, 5, 11, 728839
List the prime factors of 126381176.
2, 15797647
List the prime factors of 106831925.
5, 71, 139, 433
List the prime factors of 4883720810.
2, 5, 271, 1279, 1409
List the prime factors of 7326814.
2, 11, 37, 9001
What are the prime factors of 77686526?
2, 2833, 13711
List the prime factors of 8205943973.
70783, 115931
List the prime factors of 780253308.
2, 3, 21673703
List the prime factors of 113082638.
2, 56541319
What are the prime factors of 19749870?
2, 3, 5, 7, 23, 29, 47
What are the prime factors of 1902017751?
3, 29, 59, 370547
What are the prime factors of 30593029?
30593029
What are the prime factors of 2607940462?
2, 1303970231
List the prime factors of 2745618441.
3, 101, 9061447
List the prime factors of 1654085987.
281, 5886427
What are the prime factors of 33184094?
2, 179, 92693
What are the prime factors of 221512031?
13, 577, 29531
What are the prime factors of 613703499?
3, 204567833
What are the prime factors of 378563161?
97, 3902713
What are the prime factors of 39211838?
2, 31, 53, 11933
List the prime factors of 114883057.
43, 109, 127, 193
What are the prime factors of 236387673?
3, 41, 213539
List the prime factors of 93508582.
2, 97, 181, 2663
List the prime factors of 71822938.
2, 11, 449, 661
List the prime factors of 73522399.
17, 4324847
List the prime factors of 77176073.
13, 17, 137, 2549
List the prime factors of 15743875.
5, 7, 19, 947
List the prime factors of 136304187.
3, 23, 1975423
List the prime factors of 621540231.
3, 13, 15936929
What are the prime factors of 2260127048?
2, 282515881
List the prime factors of 2220907877.
1873, 1185749
List the prime factors of 57022263.
3, 6335807
What are the prime factors of 1042086617?
11, 13, 97, 5779
List the prime factors of 128500157.
128500157
List the prime factors of 27278764.
2, 1373, 4967
What are the prime factors of 2954705175?
3, 5, 4377341
What are the prime factors of 915347746?
2, 757, 604589
List the prime factors of 38585769.
3, 67, 191969
List the prime factors of 1491183241.
47, 277, 2437
List the prime factors of 5639415.
3, 5, 79, 4759
List the prime factors of 2170856.
2, 271357
List the prime factors of 3865231114.
2, 9533, 202729
List the prime factors of 3622631615.
5, 1019, 711017
List the prime factors of 750239494.
2, 31, 12100637
What are the prime factors of 1674116431?
13, 128778187
List the prime factors of 568430559.
3, 63158951
What are the prime factors of 79740637?
79740637
What are the prime factors of 27059594?
2, 307, 44071
What are the prime factors of 307199639?
17, 29, 21487
What are the prime factors of 233458426?
2, 5641, 20693
List the prime factors of 1510297752.
2, 3, 53, 1187341
List the prime factors of 38396653.
2609, 14717
What are the prime factors of 355606252?
2, 67, 1326889
What are the prime factors of 388681517?
7, 41, 1354291
List the prime factors of 402685529.
402685529
What are the prime factors of 30709461?
3, 613, 16699
What are the prime factors of 67465115?
5, 89, 151607
List the prime factors of 1862282305.
5, 13, 28650497
List the prime factors of 3719341398.
2, 3, 12791, 48463
What are the prime factors of 170507406?
2, 3, 19, 127, 11777
What are the prime factors of 376819725?
3, 5, 31, 41, 59, 67
List the prime factors of 542720105.
5, 487, 222883
List the prime factors of 710367733.
167, 4253699
List the prime factors of 115082660.
2, 5, 7, 11, 74729
What are the prime factors of 78393367?
13, 6030259
What are the prime factors of 27204455?
5, 5440891
What are the prime factors of 5214411?
3, 579379
List the prime factors of 254739395.
5, 50947879
List the prime factors of 129962944.
2, 37, 71, 773
What are the prime factors of 440715935?
5, 11, 53, 151189
What are the prime factors of 35347950?
2, 3, 5, 11, 37, 193
List the prime factors of 99371307.
3, 7, 17, 37, 7523
What are the prime factors of 30056687?
30056687
List the prime factors of 667076.
2, 79, 2111
What are the prime factors of 65136975?
3, 5, 868493
What are the prime factors of 97633634?
2, 7, 6973831
What are the prime factors of 99349413?
3, 271, 122201
List the prime factors of 704055738.
2, 3, 71, 467, 3539
What are the prime factors of 71596025?
5, 2863841
List the prime factors of 463357881.
3, 7, 283, 8663
What are the prime factors of 4347909601?
7, 2837, 31277
What are the prime factors of 24659733?
3, 7, 1174273
What are the prime factors of 1682463107?
13, 43, 127, 1823
What are the prime factors of 282974823?
3, 10480549
What are the prime factors of 596064885?
3, 5, 13, 367, 8329
List the prime factors of 223059592.
2, 7, 1097, 3631
List the prime factors of 498230718.
2, 3, 83038453
What are the prime factors of 1306919089?
7, 59, 509, 6217
List the prime factors of 73530792.
2, 3, 1021261
What are the prime factors of 23698677?
3, 7899559
List the prime factors of 24366492.
2, 3, 47, 14401
What are the prime factors of 298054734?
2, 3, 71, 137, 5107
What are the prime factors of 84735104?
2, 661993
List the prime factors of 75647118.
2, 3, 1543, 8171
List the prime factors of 751168415.
5, 150233683
What are the prime factors of 131098360?
2, 5, 349, 9391
List the prime factors of 5365862209.
5365862209
List the prime factors of 1633067444.
2, 593, 688477
What are the prime factors of 80942623?
80942623
What are the prime factors of 114411589?
114411589
What are the prime factors of 1573099155?
3, 5, 34957759
What are the prime factors of 1248048464?
2, 13, 6000233
What are the prime factors of 326260785?
3, 5, 21750719
List the prime factors of 358251586.
2, 7, 11, 2326309
List the prime factors of 943493285.
5, 7, 17, 359, 631
List the prime factors of 366756828.
2, 3, 30563069
What are the prime factors of 1965579987?
3, 7, 4057, 23071
List the prime factors of 1176356855.
5, 67, 3511513
What are the prime factors of 1026029278?
2, 43, 211, 56543
What are the prime factors of 152153430?
2, 3, 5, 11, 13, 29, 1223
What are the prime factors of 227861376?
2, 3, 19, 31231
What are the prime factors of 70197965?
5, 14039593
List the prime factors of 123084602.
2, 191, 419, 769
List the prime factors of 331668253.
7, 191, 359, 691
What are the prime factors of 107546858?
2, 53, 1014593
List the prime factors of 6428714638.
2, 19, 41, 4126261
List the prime factors of 230658322.
2, 421, 273941
List the prime factors of 62474430.
2, 3, 5, 241, 8641
List the prime factors of 690796915.
5, 1381, 100043
What are the prime factors of 97363030?
2, 5, 19, 419, 1223
List the prime factors of 90876315.
3, 5, 6058421
What are the prime factors of 502686308?
2, 125671577
List the prime factors of 110491923.
3, 61, 603781
What are the prime factors of 6824985513?
3, 31, 1597, 45953
What are the prime factors of 22434757?
22434757
List the prime factors of 423556081.
13, 1093, 2293
What are the prime factors of 574560291?
3, 9091, 21067
List the prime factors of 263775909.
3, 29, 83, 36529
List the prime factors of 2030603745.
3, 5, 47, 179, 16091
What are the prime factors of 26730630?
2, 3, 5, 17, 17471
List the prime factors of 22179945.
3, 5, 1478663
List the prime factors of 2453574199.
827, 2966837
List the prime factors of 28849577.
29, 994813
What are the prime factors of 359010499?
53, 6773783
What are the prime factors of 2063180220?
2, 3, 5, 311, 110567
What are the prime factors of 317041416?
2, 3, 103, 42751
List the prime factors of 177014155.
5, 167, 239, 887
List the prime factors of 265039126.
2, 11, 151, 7253
What are the prime factors of 130828711?
13, 31, 324637
What are the prime factors of 6996244?
2, 1181, 1481
What are the prime factors of 50820981?
3, 16940327
What are the prime factors of 51405840?
2, 3, 5, 7933
List the prime factors of 452572.
2, 113143
What are